{"id":1224,"date":"2024-10-23T11:44:40","date_gmt":"2024-10-23T09:44:40","guid":{"rendered":"https:\/\/lezajskmzk.pl\/?page_id=1224"},"modified":"2024-12-04T11:14:14","modified_gmt":"2024-12-04T10:14:14","slug":"nieruchomosci-komercyjne","status":"publish","type":"page","link":"https:\/\/mzklezajsk.pl\/?page_id=1224","title":{"rendered":"Nieruchomo\u015bci komercyjne"},"content":{"rendered":"\t\t<div data-elementor-type=\"wp-page\" data-elementor-id=\"1224\" class=\"elementor elementor-1224\">\n\t\t\t\t\t\t<section class=\"elementor-section elementor-top-section elementor-element elementor-element-e6b00ab elementor-section-boxed elementor-section-height-default elementor-section-height-default\" data-id=\"e6b00ab\" data-element_type=\"section\">\n\t\t\t\t\t\t<div class=\"elementor-container elementor-column-gap-default\">\n\t\t\t\t\t<div class=\"aux-parallax-section elementor-column elementor-col-100 elementor-top-column elementor-element elementor-element-0e8befb\" data-id=\"0e8befb\" data-element_type=\"column\">\n\t\t\t<div class=\"elementor-widget-wrap elementor-element-populated\">\n\t\t\t\t\t\t<div class=\"elementor-element elementor-element-50b7557 elementor-widget elementor-widget-text-editor\" data-id=\"50b7557\" data-element_type=\"widget\" data-widget_type=\"text-editor.default\">\n\t\t\t\t<div class=\"elementor-widget-container\">\n\t\t\t\t\t\t\t<div id=\"main-content\" class=\"content-box\" data-space=\"0\"><h2>Nieruchomo\u015bci komercyjne<\/h2><p>Oferujemy:<\/p><ul><li>prowadzenie dokumentacji technicznej nieruchomo\u015bci wymaganej przez przepisy prawa budowlanego,<\/li><li>dokonywanie kontroli technicznych i\u00a0okresowych przegl\u0105d\u00f3w budynk\u00f3w, \u00a0a tak\u017ce urz\u0105dze\u0144 stanowi\u0105cych ich wyposa\u017cenie,<\/li><li>wskazywanie W\u0142a\u015bcicielowi obiektu potrzeb remontowych budynk\u00f3w i\u00a0budowli niezb\u0119dnych do prawid\u0142owego funkcjonowania,<\/li><li>gromadzenie, przechowywanie oraz ochrona dokumentacji nieruchomo\u015bci,<\/li><li>prowadzenie formalno\u015bci zwi\u0105zanych z\u00a0uzyskaniem pozwole\u0144 na budow\u0119 lub u\u017cytkowaniem budynk\u00f3w,<\/li><li>uzyskiwanie i\u00a0dostarczanie dokument\u00f3w niezb\u0119dnych dla funkcjonowania nieruchomo\u015bci b\u0119d\u0105cych w\u0142asno\u015bci\u0105 obs\u0142ugiwanego podmiotu tj.: odpisy z\u00a0Ksi\u0105g Wieczystych, wypisy z\u00a0ewidencji grunt\u00f3w i\u00a0budynk\u00f3w, odpisy z\u00a0KRS, odpisy z\u00a0Rejestru Zastaw\u00f3w itp.,<\/li><li>przygotowywanie um\u00f3w najmu lub dzier\u017cawy biur i\u00a0lokali stanowi\u0105cych w\u0142asno\u015b\u0107 Klient\u00f3w,<\/li><li>przygotowywanie obiekt\u00f3w do procedury uzyskiwania zgody na u\u017cytkowanie w\u00a0PINB,<\/li><li>prowadzenie dokumentacji wymaganej przez prawo budowlane,<\/li><li>organizowanie przegl\u0105d\u00f3w okresowych budynk\u00f3w i\u00a0budowli wymaganych przepisami prawa budowlanego,<\/li><li>sporz\u0105dzanie plan\u00f3w zarz\u0105dzania nieruchomo\u015bci\u0105,<\/li><li>doradztwo w\u00a0zakresie nieruchomo\u015bci,<\/li><li>kompleksowa analiza stanu prawnego i\u00a0technicznego nieruchomo\u015bci przed jej zakupem.<\/li><\/ul><p><strong>Je\u015bli jeste\u015bcie Pa\u0144stwo zainteresowani uzyskaniem oferty cenowej na konkretn\u0105 nieruchomo\u015b\u0107, prosimy o\u00a0bezpo\u015bredni kontakt z\u00a0naszym biurem.\u00a0<a href=\"https:\/\/mzklezajsk.pl\/?page_id=1227\">Dane adresowe dost\u0119pne w\u00a0zak\u0142adce kontakt.<\/a><\/strong><\/p><\/div>\t\t\t\t\t\t<\/div>\n\t\t\t\t<\/div>\n\t\t\t\t\t<\/div>\n\t\t<\/div>\n\t\t\t\t\t<\/div>\n\t\t<\/section>\n\t\t\t\t<\/div>\n\t\t","protected":false},"excerpt":{"rendered":"<p>Nieruchomo\u015bci komercyjne Oferujemy: prowadzenie dokumentacji technicznej nieruchomo\u015bci wymaganej przez przepisy prawa budowlanego, dokonywanie kontroli technicznych i\u00a0okresowych przegl\u0105d\u00f3w budynk\u00f3w, \u00a0a tak\u017ce urz\u0105dze\u0144 stanowi\u0105cych ich wyposa\u017cenie, wskazywanie W\u0142a\u015bcicielowi obiektu potrzeb remontowych budynk\u00f3w i\u00a0budowli niezb\u0119dnych do prawid\u0142owego funkcjonowania, gromadzenie, przechowywanie oraz ochrona dokumentacji nieruchomo\u015bci, prowadzenie formalno\u015bci zwi\u0105zanych z\u00a0uzyskaniem pozwole\u0144 na budow\u0119 lub u\u017cytkowaniem budynk\u00f3w, uzyskiwanie i\u00a0dostarczanie dokument\u00f3w niezb\u0119dnych [&hellip;]<\/p>\n","protected":false},"author":1,"featured_media":0,"parent":0,"menu_order":0,"comment_status":"closed","ping_status":"closed","template":"","meta":{"footnotes":""},"class_list":["post-1224","page","type-page","status-publish","hentry"],"_links":{"self":[{"href":"https:\/\/mzklezajsk.pl\/index.php?rest_route=\/wp\/v2\/pages\/1224","targetHints":{"allow":["GET"]}}],"collection":[{"href":"https:\/\/mzklezajsk.pl\/index.php?rest_route=\/wp\/v2\/pages"}],"about":[{"href":"https:\/\/mzklezajsk.pl\/index.php?rest_route=\/wp\/v2\/types\/page"}],"author":[{"embeddable":true,"href":"https:\/\/mzklezajsk.pl\/index.php?rest_route=\/wp\/v2\/users\/1"}],"replies":[{"embeddable":true,"href":"https:\/\/mzklezajsk.pl\/index.php?rest_route=%2Fwp%2Fv2%2Fcomments&post=1224"}],"version-history":[{"count":7,"href":"https:\/\/mzklezajsk.pl\/index.php?rest_route=\/wp\/v2\/pages\/1224\/revisions"}],"predecessor-version":[{"id":2609,"href":"https:\/\/mzklezajsk.pl\/index.php?rest_route=\/wp\/v2\/pages\/1224\/revisions\/2609"}],"wp:attachment":[{"href":"https:\/\/mzklezajsk.pl\/index.php?rest_route=%2Fwp%2Fv2%2Fmedia&parent=1224"}],"curies":[{"name":"wp","href":"https:\/\/api.w.org\/{rel}","templated":true}]}}