{"id":1276,"date":"2024-10-23T12:01:04","date_gmt":"2024-10-23T10:01:04","guid":{"rendered":"https:\/\/lezajskmzk.pl\/?page_id=1276"},"modified":"2024-11-15T07:10:19","modified_gmt":"2024-11-15T06:10:19","slug":"uslugi-pogrzebowe","status":"publish","type":"page","link":"https:\/\/mzklezajsk.pl\/?page_id=1276","title":{"rendered":"Us\u0142ugi pogrzebowe"},"content":{"rendered":"\t\t<div data-elementor-type=\"wp-page\" data-elementor-id=\"1276\" class=\"elementor elementor-1276\">\n\t\t\t\t\t\t<section class=\"elementor-section elementor-top-section elementor-element elementor-element-8a2ee76 elementor-section-boxed elementor-section-height-default elementor-section-height-default\" data-id=\"8a2ee76\" data-element_type=\"section\">\n\t\t\t\t\t\t<div class=\"elementor-container elementor-column-gap-default\">\n\t\t\t\t\t<div class=\"aux-parallax-section elementor-column elementor-col-100 elementor-top-column elementor-element elementor-element-3ccdc72\" data-id=\"3ccdc72\" data-element_type=\"column\">\n\t\t\t<div class=\"elementor-widget-wrap elementor-element-populated\">\n\t\t\t\t\t\t<div class=\"elementor-element elementor-element-c5adfb3 elementor-widget elementor-widget-text-editor\" data-id=\"c5adfb3\" data-element_type=\"widget\" data-widget_type=\"text-editor.default\">\n\t\t\t\t<div class=\"elementor-widget-container\">\n\t\t\t\t\t\t\t<p>\u00a0<\/p><section class=\"content\"><div class=\"container content-container\"><div id=\"main-content\" class=\"content-box\" data-space=\"0\"><h2><strong>Us\u0142ugi pogrzebowe<\/strong><\/h2><p>Uprzejmie informujemy, i\u017c ceremonie pogrzebowe na terenie Cmentarza Komunalnego w\u00a0Le\u017cajsku odbywaj\u0105 si\u0119 codziennie z\u00a0wyj\u0105tkiem niedziel i\u00a0\u015bwi\u0105t.<\/p><p>Oferujemy w\u00a0ramach us\u0142ug pogrzebowych i\u00a0cmentarnych:<\/p><ol><li>Organizacj\u0119 i\u00a0realizacj\u0119 pogrzeb\u00f3w r\u00f3\u017cnych wyzna\u0144 oraz ceremonii \u015bwieckich,<\/li><li>Eksportacja cia\u0142a zmar\u0142ego z\u00a0domu czy mieszkania przez ca\u0142\u0105 dob\u0119,<\/li><li>Transport Zmar\u0142ych na terenie kraju,<\/li><li>Transport do wcze\u015bniej wybranego miejsca kremacji zw\u0142ok wraz z\u00a0rodzin\u0105 lub \u017ca\u0142obnikami,<\/li><li>Organizacja kremacji,<\/li><li>Przygotowanie cia\u0142a do pogrzebu,<\/li><li>Przechowywaniem zw\u0142ok we w\u0142asnych ch\u0142odniach,<\/li><li>Trumny i\u00a0urny,<\/li><li>Odzie\u017c dla Zmar\u0142ych,<\/li><li>Przygotowanie grobu, krzy\u017ca, tabliczki,<\/li><li>Przygotowanie klepsydr, i\u00a0rozwieszenie w\u00a0podanej miejscowo\u015bci na \u017cyczenie klienta,<\/li><li>Profesjonale us\u0142ugi florystyczne: wie\u0144ce, wi\u0105zanki i\u00a0inne kompozycje kwiatowe,<\/li><li>Ekshumacje,<\/li><li>Opieka nad grobami<\/li><\/ol><\/div><\/div><\/section>\t\t\t\t\t\t<\/div>\n\t\t\t\t<\/div>\n\t\t\t\t\t<\/div>\n\t\t<\/div>\n\t\t\t\t\t<\/div>\n\t\t<\/section>\n\t\t\t\t<section class=\"elementor-section elementor-top-section elementor-element elementor-element-6e87fbd elementor-section-boxed elementor-section-height-default elementor-section-height-default\" data-id=\"6e87fbd\" data-element_type=\"section\">\n\t\t\t\t\t\t<div class=\"elementor-container elementor-column-gap-default\">\n\t\t\t\t\t<div class=\"aux-parallax-section elementor-column elementor-col-100 elementor-top-column elementor-element elementor-element-4fd7543\" data-id=\"4fd7543\" data-element_type=\"column\">\n\t\t\t<div class=\"elementor-widget-wrap elementor-element-populated\">\n\t\t\t\t\t\t<div class=\"elementor-element elementor-element-03e1e90 elementor-widget elementor-widget-image\" data-id=\"03e1e90\" data-element_type=\"widget\" data-widget_type=\"image.default\">\n\t\t\t\t<div class=\"elementor-widget-container\">\n\t\t\t\t\t\t\t\t\t\t\t\t\t<img fetchpriority=\"high\" decoding=\"async\" width=\"768\" height=\"768\" src=\"https:\/\/mzklezajsk.pl\/wp-content\/uploads\/2024\/11\/cm_z_9-768x768.jpg\" class=\"attachment-medium_large size-medium_large wp-image-2305\" alt=\"\" srcset=\"https:\/\/mzklezajsk.pl\/wp-content\/uploads\/2024\/11\/cm_z_9-768x768.jpg 768w, https:\/\/mzklezajsk.pl\/wp-content\/uploads\/2024\/11\/cm_z_9-300x300.jpg 300w, https:\/\/mzklezajsk.pl\/wp-content\/uploads\/2024\/11\/cm_z_9-1024x1024.jpg 1024w, https:\/\/mzklezajsk.pl\/wp-content\/uploads\/2024\/11\/cm_z_9-150x150.jpg 150w\" sizes=\"(max-width: 768px) 100vw, 768px\" \/>\t\t\t\t\t\t\t\t\t\t\t\t\t<\/div>\n\t\t\t\t<\/div>\n\t\t\t\t\t<\/div>\n\t\t<\/div>\n\t\t\t\t\t<\/div>\n\t\t<\/section>\n\t\t\t\t<\/div>\n\t\t","protected":false},"excerpt":{"rendered":"<p>\u00a0 Us\u0142ugi pogrzebowe Uprzejmie informujemy, i\u017c ceremonie pogrzebowe na terenie Cmentarza Komunalnego w\u00a0Le\u017cajsku odbywaj\u0105 si\u0119 codziennie z\u00a0wyj\u0105tkiem niedziel i\u00a0\u015bwi\u0105t. Oferujemy w\u00a0ramach us\u0142ug pogrzebowych i\u00a0cmentarnych: Organizacj\u0119 i\u00a0realizacj\u0119 pogrzeb\u00f3w r\u00f3\u017cnych wyzna\u0144 oraz ceremonii \u015bwieckich, Eksportacja cia\u0142a zmar\u0142ego z\u00a0domu czy mieszkania przez ca\u0142\u0105 dob\u0119, Transport Zmar\u0142ych na terenie kraju, Transport do wcze\u015bniej wybranego miejsca kremacji zw\u0142ok wraz z\u00a0rodzin\u0105 [&hellip;]<\/p>\n","protected":false},"author":1,"featured_media":0,"parent":0,"menu_order":0,"comment_status":"closed","ping_status":"closed","template":"","meta":{"footnotes":""},"class_list":["post-1276","page","type-page","status-publish","hentry"],"_links":{"self":[{"href":"https:\/\/mzklezajsk.pl\/index.php?rest_route=\/wp\/v2\/pages\/1276","targetHints":{"allow":["GET"]}}],"collection":[{"href":"https:\/\/mzklezajsk.pl\/index.php?rest_route=\/wp\/v2\/pages"}],"about":[{"href":"https:\/\/mzklezajsk.pl\/index.php?rest_route=\/wp\/v2\/types\/page"}],"author":[{"embeddable":true,"href":"https:\/\/mzklezajsk.pl\/index.php?rest_route=\/wp\/v2\/users\/1"}],"replies":[{"embeddable":true,"href":"https:\/\/mzklezajsk.pl\/index.php?rest_route=%2Fwp%2Fv2%2Fcomments&post=1276"}],"version-history":[{"count":7,"href":"https:\/\/mzklezajsk.pl\/index.php?rest_route=\/wp\/v2\/pages\/1276\/revisions"}],"predecessor-version":[{"id":2308,"href":"https:\/\/mzklezajsk.pl\/index.php?rest_route=\/wp\/v2\/pages\/1276\/revisions\/2308"}],"wp:attachment":[{"href":"https:\/\/mzklezajsk.pl\/index.php?rest_route=%2Fwp%2Fv2%2Fmedia&parent=1276"}],"curies":[{"name":"wp","href":"https:\/\/api.w.org\/{rel}","templated":true}]}}