{"id":985,"date":"2024-10-22T11:37:43","date_gmt":"2024-10-22T09:37:43","guid":{"rendered":"https:\/\/lezajskmzk.pl\/?page_id=985"},"modified":"2025-06-26T07:44:54","modified_gmt":"2025-06-26T05:44:54","slug":"zapytania-ofertowe","status":"publish","type":"page","link":"https:\/\/mzklezajsk.pl\/?page_id=985","title":{"rendered":"Zapytania ofertowe"},"content":{"rendered":"\t\t<div data-elementor-type=\"wp-page\" data-elementor-id=\"985\" class=\"elementor elementor-985\">\n\t\t\t\t\t\t<section class=\"elementor-section elementor-top-section elementor-element elementor-element-3865d57 elementor-section-boxed elementor-section-height-default elementor-section-height-default\" data-id=\"3865d57\" data-element_type=\"section\">\n\t\t\t\t\t\t<div class=\"elementor-container elementor-column-gap-default\">\n\t\t\t\t\t<div class=\"aux-parallax-section elementor-column elementor-col-100 elementor-top-column elementor-element elementor-element-cbb8e6b\" data-id=\"cbb8e6b\" data-element_type=\"column\">\n\t\t\t<div class=\"elementor-widget-wrap elementor-element-populated\">\n\t\t\t\t\t\t<div class=\"elementor-element elementor-element-69009a1 elementor-widget elementor-widget-aux_recent_posts_land_style\" data-id=\"69009a1\" data-element_type=\"widget\" data-widget_type=\"aux_recent_posts_land_style.default\">\n\t\t\t\t<div class=\"elementor-widget-container\">\n\t\t\t<section class=\"widget-container aux-widget-recent-posts-land aux-parent-au12ba2d90\"><div data-element-id=\"au12ba2d90\" class=\"aux-blog-land-style aux-ajax-view \"><div class=\"aux-block post-3711\">\n                        <article class=\"aux-column-post-entry land-post-style aux-no-thumb post-3711 post type-post status-publish format-standard hentry category-aktualnosci category-zapytania-ofertowe\">\n                            \n                            <div class=\"entry-main\">\n                                                        \n                                <header class=\"entry-header\">\n                                \n                                    <h4 class=\"entry-title\">\n                                        <a href=\"https:\/\/mzklezajsk.pl\/?p=3711\">\n                                            Przedmiot zam\u00f3wienia: Robota budowlana \u2013 Wykonanie piwnic grobowcowych \u017celbetowych i chodnik\u00f3w z kostki brukowej na polach grzebalnych cmentarza komunalnego w Le\u017cajsku                                        <\/a>\n                                    <\/h4>\n                                                                    <div class=\"entry-format\">\n                                        <a href=\"https:\/\/mzklezajsk.pl\/?p=3711\">\n                                            <div class=\"post-format format-\"> <\/div>\n                                        <\/a>\n                                    <\/div>\n                                <\/header>\n                                                            \n                                <div class=\"entry-info\">\n                                                                    <div class=\"entry-date\">\n                                        <a href=\"https:\/\/mzklezajsk.pl\/?p=3711\">\n                                            <time datetime=\"2026-03-18T11:10:26+01:00\" title=\"2026-03-18T11:10:26+01:00\" >2026-03-18<\/time>\n                                        <\/a>\n                                    <\/div>\n                                                                                                                                                                                                        <\/div>\n                            \n                                                        \n                            <\/div>\n\n                        <\/article>\n<\/div><div class=\"aux-block post-3464\">\n                        <article class=\"aux-column-post-entry land-post-style aux-no-thumb post-3464 post type-post status-publish format-standard hentry category-zapytania-ofertowe\">\n                            \n                            <div class=\"entry-main\">\n                                                        \n                                <header class=\"entry-header\">\n                                \n                                    <h4 class=\"entry-title\">\n                                        <a href=\"https:\/\/mzklezajsk.pl\/?p=3464\">\n                                            Zapytanie ofertowe \u2116 9 \u2013 utwardzenie terenu \u2013 Kopernika 5 w Le\u017cajsku                                        <\/a>\n                                    <\/h4>\n                                                                    <div class=\"entry-format\">\n                                        <a href=\"https:\/\/mzklezajsk.pl\/?p=3464\">\n                                            <div class=\"post-format format-\"> <\/div>\n                                        <\/a>\n                                    <\/div>\n                                <\/header>\n                                                            \n                                <div class=\"entry-info\">\n                                                                    <div class=\"entry-date\">\n                                        <a href=\"https:\/\/mzklezajsk.pl\/?p=3464\">\n                                            <time datetime=\"2025-08-12T07:09:50+02:00\" title=\"2025-08-12T07:09:50+02:00\" >2025-08-12<\/time>\n                                        <\/a>\n                                    <\/div>\n                                                                                                                                                                                                        <\/div>\n                            \n                                                        \n                            <\/div>\n\n                        <\/article>\n<\/div><div class=\"aux-block post-3384\">\n                        <article class=\"aux-column-post-entry land-post-style aux-no-thumb post-3384 post type-post status-publish format-standard hentry category-zapytania-ofertowe\">\n                            \n                            <div class=\"entry-main\">\n                                                        \n                                <header class=\"entry-header\">\n                                \n                                    <h4 class=\"entry-title\">\n                                        <a href=\"https:\/\/mzklezajsk.pl\/?p=3384\">\n                                            Zapytanie ofertowe \u2116 08 \u2013 remont mieszkania \u2013 Mickiewicza 64\/5 w Le\u017cajsku                                        <\/a>\n                                    <\/h4>\n                                                                    <div class=\"entry-format\">\n                                        <a href=\"https:\/\/mzklezajsk.pl\/?p=3384\">\n                                            <div class=\"post-format format-\"> <\/div>\n                                        <\/a>\n                                    <\/div>\n                                <\/header>\n                                                            \n                                <div class=\"entry-info\">\n                                                                    <div class=\"entry-date\">\n                                        <a href=\"https:\/\/mzklezajsk.pl\/?p=3384\">\n                                            <time datetime=\"2025-07-02T10:22:10+02:00\" title=\"2025-07-02T10:22:10+02:00\" >2025-07-02<\/time>\n                                        <\/a>\n                                    <\/div>\n                                                                                                                                                                                                        <\/div>\n                            \n                                                        \n                            <\/div>\n\n                        <\/article>\n<\/div><div class=\"aux-block post-3307\">\n                        <article class=\"aux-column-post-entry land-post-style aux-no-thumb post-3307 post type-post status-publish format-standard hentry category-zapytania-ofertowe\">\n                            \n                            <div class=\"entry-main\">\n                                                        \n                                <header class=\"entry-header\">\n                                \n                                    <h4 class=\"entry-title\">\n                                        <a href=\"https:\/\/mzklezajsk.pl\/?p=3307\">\n                                            Zapytanie ofertowe \u2116 07 \u2013 remont mieszkania \u2013 M. C. Sk\u0142odowskiej 5\/51 w Le\u017cajsku.                                        <\/a>\n                                    <\/h4>\n                                                                    <div class=\"entry-format\">\n                                        <a href=\"https:\/\/mzklezajsk.pl\/?p=3307\">\n                                            <div class=\"post-format format-\"> <\/div>\n                                        <\/a>\n                                    <\/div>\n                                <\/header>\n                                                            \n                                <div class=\"entry-info\">\n                                                                    <div class=\"entry-date\">\n                                        <a href=\"https:\/\/mzklezajsk.pl\/?p=3307\">\n                                            <time datetime=\"2025-06-26T07:18:12+02:00\" title=\"2025-06-26T07:18:12+02:00\" >2025-06-26<\/time>\n                                        <\/a>\n                                    <\/div>\n                                                                                                                                                                                                        <\/div>\n                            \n                                                        \n                            <\/div>\n\n                        <\/article>\n<\/div><div class=\"aux-block post-3296\">\n                        <article class=\"aux-column-post-entry land-post-style aux-no-thumb post-3296 post type-post status-publish format-standard hentry category-zapytania-ofertowe\">\n                            \n                            <div class=\"entry-main\">\n                                                        \n                                <header class=\"entry-header\">\n                                \n                                    <h4 class=\"entry-title\">\n                                        <a href=\"https:\/\/mzklezajsk.pl\/?p=3296\">\n                                            Zapytanie ofertowe \u2116 06 \u2013 remont mieszkania \u2013 Kopernika 11\/40 w Le\u017cajsku                                        <\/a>\n                                    <\/h4>\n                                                                    <div class=\"entry-format\">\n                                        <a href=\"https:\/\/mzklezajsk.pl\/?p=3296\">\n                                            <div class=\"post-format format-\"> <\/div>\n                                        <\/a>\n                                    <\/div>\n                                <\/header>\n                                                            \n                                <div class=\"entry-info\">\n                                                                    <div class=\"entry-date\">\n                                        <a href=\"https:\/\/mzklezajsk.pl\/?p=3296\">\n                                            <time datetime=\"2025-06-18T11:15:15+02:00\" title=\"2025-06-18T11:15:15+02:00\" >2025-06-18<\/time>\n                                        <\/a>\n                                    <\/div>\n                                                                                                                                                                                                        <\/div>\n                            \n                                                        \n                            <\/div>\n\n                        <\/article>\n<\/div><div class=\"aux-block post-3178\">\n                        <article class=\"aux-column-post-entry land-post-style aux-no-thumb post-3178 post type-post status-publish format-standard hentry category-zapytania-ofertowe\">\n                            \n                            <div class=\"entry-main\">\n                                                        \n                                <header class=\"entry-header\">\n                                \n                                    <h4 class=\"entry-title\">\n                                        <a href=\"https:\/\/mzklezajsk.pl\/?p=3178\">\n                                            Przedmiot zam\u00f3wienia: Robota budowlana &#8211; Wykonanie piwnic grobowcowych \u017celbetowych i chodnik\u00f3w z kostki brukowej na polach grzebalnych cmentarza komunalnego  w Le\u017cajsku                                        <\/a>\n                                    <\/h4>\n                                                                    <div class=\"entry-format\">\n                                        <a href=\"https:\/\/mzklezajsk.pl\/?p=3178\">\n                                            <div class=\"post-format format-\"> <\/div>\n                                        <\/a>\n                                    <\/div>\n                                <\/header>\n                                                            \n                                <div class=\"entry-info\">\n                                                                    <div class=\"entry-date\">\n                                        <a href=\"https:\/\/mzklezajsk.pl\/?p=3178\">\n                                            <time datetime=\"2025-05-12T11:47:48+02:00\" title=\"2025-05-12T11:47:48+02:00\" >2025-05-12<\/time>\n                                        <\/a>\n                                    <\/div>\n                                                                                                                                                                                                        <\/div>\n                            \n                                                        \n                            <\/div>\n\n                        <\/article>\n<\/div><div class=\"aux-block post-3028\">\n                        <article class=\"aux-column-post-entry land-post-style aux-no-thumb post-3028 post type-post status-publish format-standard hentry category-zapytania-ofertowe\">\n                            \n                            <div class=\"entry-main\">\n                                                        \n                                <header class=\"entry-header\">\n                                \n                                    <h4 class=\"entry-title\">\n                                        <a href=\"https:\/\/mzklezajsk.pl\/?p=3028\">\n                                            Zapytanie ofertowe \u2116 05 &#8211; wymiana pionu wod-kan Nr 20 \u2013 Mickiewicza 53 w Le\u017cajsku                                        <\/a>\n                                    <\/h4>\n                                                                    <div class=\"entry-format\">\n                                        <a href=\"https:\/\/mzklezajsk.pl\/?p=3028\">\n                                            <div class=\"post-format format-\"> <\/div>\n                                        <\/a>\n                                    <\/div>\n                                <\/header>\n                                                            \n                                <div class=\"entry-info\">\n                                                                    <div class=\"entry-date\">\n                                        <a href=\"https:\/\/mzklezajsk.pl\/?p=3028\">\n                                            <time datetime=\"2025-02-25T13:46:31+01:00\" title=\"2025-02-25T13:46:31+01:00\" >2025-02-25<\/time>\n                                        <\/a>\n                                    <\/div>\n                                                                                                                                                                                                        <\/div>\n                            \n                                                        \n                            <\/div>\n\n                        <\/article>\n<\/div><div class=\"aux-block post-3010\">\n                        <article class=\"aux-column-post-entry land-post-style aux-no-thumb post-3010 post type-post status-publish format-standard hentry category-zapytania-ofertowe\">\n                            \n                            <div class=\"entry-main\">\n                                                        \n                                <header class=\"entry-header\">\n                                \n                                    <h4 class=\"entry-title\">\n                                        <a href=\"https:\/\/mzklezajsk.pl\/?p=3010\">\n                                            Zapytanie ofertowe \u2116 4 \u2013 utwardzenie terenu \u2013 Mickiewicza 63A w Le\u017cajsku                                        <\/a>\n                                    <\/h4>\n                                                                    <div class=\"entry-format\">\n                                        <a href=\"https:\/\/mzklezajsk.pl\/?p=3010\">\n                                            <div class=\"post-format format-\"> <\/div>\n                                        <\/a>\n                                    <\/div>\n                                <\/header>\n                                                            \n                                <div class=\"entry-info\">\n                                                                    <div class=\"entry-date\">\n                                        <a href=\"https:\/\/mzklezajsk.pl\/?p=3010\">\n                                            <time datetime=\"2025-02-12T11:51:54+01:00\" title=\"2025-02-12T11:51:54+01:00\" >2025-02-12<\/time>\n                                        <\/a>\n                                    <\/div>\n                                                                                                                                                                                                        <\/div>\n                            \n                                                        \n                            <\/div>\n\n                        <\/article>\n<\/div><div class=\"aux-block post-2995\">\n                        <article class=\"aux-column-post-entry land-post-style aux-no-thumb post-2995 post type-post status-publish format-standard hentry category-zapytania-ofertowe\">\n                            \n                            <div class=\"entry-main\">\n                                                        \n                                <header class=\"entry-header\">\n                                \n                                    <h4 class=\"entry-title\">\n                                        <a href=\"https:\/\/mzklezajsk.pl\/?p=2995\">\n                                            Zapytanie ofertowe \u2116 3 &#8211; wymiana pionu wodnego Nr 3  \u2013 Konopnickiej 9 w Nowej Sarzynie                                        <\/a>\n                                    <\/h4>\n                                                                    <div class=\"entry-format\">\n                                        <a href=\"https:\/\/mzklezajsk.pl\/?p=2995\">\n                                            <div class=\"post-format format-\"> <\/div>\n                                        <\/a>\n                                    <\/div>\n                                <\/header>\n                                                            \n                                <div class=\"entry-info\">\n                                                                    <div class=\"entry-date\">\n                                        <a href=\"https:\/\/mzklezajsk.pl\/?p=2995\">\n                                            <time datetime=\"2025-01-31T12:33:31+01:00\" title=\"2025-01-31T12:33:31+01:00\" >2025-01-31<\/time>\n                                        <\/a>\n                                    <\/div>\n                                                                                                                                                                                                        <\/div>\n                            \n                                                        \n                            <\/div>\n\n                        <\/article>\n<\/div><div class=\"aux-block post-2959\">\n                        <article class=\"aux-column-post-entry land-post-style aux-no-thumb post-2959 post type-post status-publish format-standard hentry category-zapytania-ofertowe\">\n                            \n                            <div class=\"entry-main\">\n                                                        \n                                <header class=\"entry-header\">\n                                \n                                    <h4 class=\"entry-title\">\n                                        <a href=\"https:\/\/mzklezajsk.pl\/?p=2959\">\n                                            Zapytanie ofertowe \u2116 2 &#8211; wymiana pionu wod-kan Nr 14 \u2013 Kopernika 5 w Le\u017cajsku                                        <\/a>\n                                    <\/h4>\n                                                                    <div class=\"entry-format\">\n                                        <a href=\"https:\/\/mzklezajsk.pl\/?p=2959\">\n                                            <div class=\"post-format format-\"> <\/div>\n                                        <\/a>\n                                    <\/div>\n                                <\/header>\n                                                            \n                                <div class=\"entry-info\">\n                                                                    <div class=\"entry-date\">\n                                        <a href=\"https:\/\/mzklezajsk.pl\/?p=2959\">\n                                            <time datetime=\"2025-01-16T07:25:10+01:00\" title=\"2025-01-16T07:25:10+01:00\" >2025-01-16<\/time>\n                                        <\/a>\n                                    <\/div>\n                                                                                                                                                                                                        <\/div>\n                            \n                                                        \n                            <\/div>\n\n                        <\/article>\n<\/div><div class=\"aux-block post-613\">\n                        <article class=\"aux-column-post-entry land-post-style aux-no-thumb post-613 post type-post status-publish format-standard hentry category-zapytania-ofertowe\">\n                            \n                            <div class=\"entry-main\">\n                                                        \n                                <header class=\"entry-header\">\n                                \n                                    <h4 class=\"entry-title\">\n                                        <a href=\"https:\/\/mzklezajsk.pl\/?p=613\">\n                                            Zapytanie ofertowe \u2116 14 &#8211; docieplenie stropu piwnicznego                                        <\/a>\n                                    <\/h4>\n                                                                    <div class=\"entry-format\">\n                                        <a href=\"https:\/\/mzklezajsk.pl\/?p=613\">\n                                            <div class=\"post-format format-\"> <\/div>\n                                        <\/a>\n                                    <\/div>\n                                <\/header>\n                                                            \n                                <div class=\"entry-info\">\n                                                                    <div class=\"entry-date\">\n                                        <a href=\"https:\/\/mzklezajsk.pl\/?p=613\">\n                                            <time datetime=\"2024-10-15T13:33:00+02:00\" title=\"2024-10-15T13:33:00+02:00\" >2024-10-15<\/time>\n                                        <\/a>\n                                    <\/div>\n                                                                                                                                                                                                        <\/div>\n                            \n                                                        \n                            <\/div>\n\n                        <\/article>\n<\/div><\/div><\/section><!-- widget-container -->\t\t<\/div>\n\t\t\t\t<\/div>\n\t\t\t\t\t<\/div>\n\t\t<\/div>\n\t\t\t\t\t<\/div>\n\t\t<\/section>\n\t\t\t\t<\/div>\n\t\t","protected":false},"excerpt":{"rendered":"<p>Zapytanie ofertowe \u2116 07 \u2013 remont mieszkania \u2013 M. C. Sk\u0142odowskiej 5\/51 w Le\u017cajsku. 2025-06-26 | Edytuj<\/p>\n","protected":false},"author":1,"featured_media":0,"parent":0,"menu_order":0,"comment_status":"closed","ping_status":"closed","template":"","meta":{"footnotes":""},"class_list":["post-985","page","type-page","status-publish","hentry"],"_links":{"self":[{"href":"https:\/\/mzklezajsk.pl\/index.php?rest_route=\/wp\/v2\/pages\/985","targetHints":{"allow":["GET"]}}],"collection":[{"href":"https:\/\/mzklezajsk.pl\/index.php?rest_route=\/wp\/v2\/pages"}],"about":[{"href":"https:\/\/mzklezajsk.pl\/index.php?rest_route=\/wp\/v2\/types\/page"}],"author":[{"embeddable":true,"href":"https:\/\/mzklezajsk.pl\/index.php?rest_route=\/wp\/v2\/users\/1"}],"replies":[{"embeddable":true,"href":"https:\/\/mzklezajsk.pl\/index.php?rest_route=%2Fwp%2Fv2%2Fcomments&post=985"}],"version-history":[{"count":37,"href":"https:\/\/mzklezajsk.pl\/index.php?rest_route=\/wp\/v2\/pages\/985\/revisions"}],"predecessor-version":[{"id":3344,"href":"https:\/\/mzklezajsk.pl\/index.php?rest_route=\/wp\/v2\/pages\/985\/revisions\/3344"}],"wp:attachment":[{"href":"https:\/\/mzklezajsk.pl\/index.php?rest_route=%2Fwp%2Fv2%2Fmedia&parent=985"}],"curies":[{"name":"wp","href":"https:\/\/api.w.org\/{rel}","templated":true}]}}